et t(s) = s**3 + 2*s**2 - 13*s + 28. Calculate t(-9).
-422
Let s(t) = -656*t + 8522. What is s(13)?
-6
Let v(q) = -436*q - 9777. What is v(-21)?
-621
Let n(a) = -63*a**2 + 207*a + 17. What is n(-2)?
-649
Let a(y) = 69*y**2 - 188*y + 2. Give a(2).
-98
Let f(q) = 811*q**2 + 60819*q - 300. Give f(-75).
150
Let y(h) = -306727*h - 10121989. Calculate y(-33).
2
Let t(m) = 1741*m - 17422. Calculate t(10).
-12
Let i(h) = h**2 - 5*h + 318. What is i(19)?
584
Let q(h) = h**2 + 34664*h + 554914. Give q(-16).
546
Let p(g) = 4510*g + 22639. Determine p(-5).
89
Let i(j) = 230*j - 9756. What is i(45)?
594
Let z(p) = -211*p**2 + 124*p - 378. Give z(3).
-1905
Let y(o) = 248206*o + 2730273. What is y(-11)?
7
Let n(h) = 665*h**2 - 265*h + 266. Determine n(1).
666
Let c(k) = 47535*k - 41593120. Give c(875).
5
Let p(j) = 2*j**2 - 1088*j - 83212. Determine p(-68).
20
Let t(o) = -58743*o + 352553. Determine t(6).
95
Let y(i) = 4*i**2 - 803041*i - 1606085. What is y(-2)?
13
Let o(m) = -m**3 - 238*m**2 + 7444*m - 1100. Calculate o(-266).
-36
Let a(s) = -3*s**2 + 34*s + 1193. Calculate a(-23).
-1176
Let k(q) = 5*q**2 + 15*q - 47. Give k(14).
1143
Let t(j) = -5*j**2 - 921*j - 13595. Determine t(-168).
13
Let f(v) = 10*v**3 + v**2 - 43*v + 55. Give f(5).
1115
Let v(u) = -2*u**2 - 3812*u - 19011. What is v(-5)?
-1
Let g(w) = 3844*w + 34380. Determine g(-9).
-216
Let i(u) = 2*u**2 + 197*u + 4850. Give i(-51).
5
Let u(r) = -r**2 + 357*r + 52167. What is u(-112)?
-361
Let d(k) = 5*k**2 - 334*k - 4686. Determine d(-12).
42
Let k(f) = -313*f + 8369. What is k(25)?
544
Let d(y) = -y**3 + 6*y**2 + 4144*y - 28957. What is d(7)?
2
Let j(b) = -4671*b - 509411. Determine j(-109).
-272
Let x(s) = -s**3 + 50*s**2 - 481*s - 157. Calculate x(12).
-457
Let b(v) = -v**3 + 13*v**2 - 3*v - 37. Determine b(7).
236
Let j(q) = -q**3 + 209*q**2 + 642*q - 1282. Calculate j(212).
-10
Let j(n) = -13258*n + 16. What is j(0)?
16
Let q(o) = 114*o**2 - 1025*o - 4. Give q(9).
5
Let c(y) = y**3 - 130*y**2 + 227*y + 883. Determine c(128).
-2829
Let q(h) = -24*h**2 - 254*h - 659. What is q(-6)?
1
Let w(m) = 2771*m - 565200. Determine w(204).
84
Let c(y) = -y**2 - 6412*y - 299192. Give c(-47).
-37
Let a(l) = 2371*l - 1414. What is a(2)?
3328
Let j(g) = -g**3 + 14*g**2 - 1995*g + 23607. Give j(12).
-45
Let r(i) = 130*i - 7371. Give r(58).
169
Let v(x) = -28*x**2 + 4*x - 315. Calculate v(9).
-2547
Let w(a) = -45*a - 1008. Determine w(-33).
477
Let z(p) = p**3 - 82*p**2 + 836*p - 79. What is z(12)?
-127
Let f(w) = 2*w**2 - w + 82. Calculate f(-7).
187
Let v(f) = -6*f**2 - 74*f - 672. Determine v(-9).
-492
Let c(k) = -521*k + 14080. Calculate c(27).
13
Let w(m) = -m**2 + 8265*m - 418175. Calculate w(51).
739
Let g(q) = -q**3 + 32*q**2 - 48546*q + 1603106. Determine g(33).
-1
Let j(w) = 63*w**2 - 437*w + 77. Give j(7).
105
Let j(p) = -p**3 + 16*p**2 + 953*p - 5071. Determine j(5).
-31
Let w(o) = o**2 - 1678*o + 10033. Calculate w(6).
1
Let h(s) = 5*s**3 - 88*s**2 + 337*s + 368. What is h(5)?
478
Let n(h) = 31*h**2 - 1118*h - 7713. Determine n(42).
15
Let l(u) = u**3 - 65*u**2 + 4*u - 1026. Determine l(65).
-766
Let s(t) = 139*t - 22503. Calculate s(162).
15
Let x(v) = -4*v**3 + 59*v**2 - 7*v + 76. Give x(15).
-254
Let k(r) = 172*r + 16884. Determine k(-99).
-144
Let r(g) = -2*g**2 - 255*g + 3670. What is r(11)?
623
Let d(s) = s**3 + 395*s**2 + 2377*s + 16722. Determine d(-389).
-5
Let r(u) = -4246*u + 84957. Determine r(20).
37
Let p(m) = -285*m + 14596. What is p(51)?
61
Let u(d) = 24268*d - 362063. Calculate u(15).
1957
Let b(f) = 50*f**2 + 3849*f - 213. Give b(-77).
-136
Let u(w) = w**2 - 1400*w + 400506. Give u(401).
-93
Let x(m) = 100591*m + 5633092. Calculate x(-56).
-4
Let y(f) = f**3 + 101*f**2 + 739*f + 620. Calculate y(-7).
53
Let z(j) = -2*j**3 - 12*j**2 + 31148*j + 186870. Determine z(-6).
-18
Let u(q) = -325*q + 6465. Determine u(18).
615
Let k(y) = y**3 - 1722*y**2 - 66877*y + 109. Calculate k(-38).
-5
Let p(g) = g**2 + 829*g + 10604. Determine p(-13).
-4
Let z(j) = 24381*j + 11410296. Give z(-468).
-12
Let w(r) = -r**3 - 78*r**2 - 1077*r - 36197. Calculate w(-70).
-7
Let b(x) = -x**3 - 3*x**2 - 1504*x + 9056. Determine b(6).
-292
Let y(u) = -460*u + 366. Calculate y(2).
-554
Let p(d) = d**2 + 4005*d + 1496212. What is p(-417)?
16
Let n(q) = 2*q**3 - 416*q**2 - 152430*q - 2296. Calculate n(-191).
-4
Let l(o) = 6*o**2 + 8*o - 606. Calculate l(15).
864
Let f(h) = -h**3 + 4*h**2 + 70*h - 258. Give f(3).
-39
Let a(s) = -6069*s - 1444450. Determine a(-238).
-28
Let s(j) = -2*j**2 - 84*j + 9126. Give s(50).
-74
Let u(p) = 26712*p + 1068321. Calculate u(-40).
-159
Let n(b) = -4683*b + 487265. Give n(104).
233
Let l(u) = 3*u**2 - 77*u + 309. Determine l(22).
67
Let m(a) = 15*a**3 - 493*a**2 + 567*a - 20883. What is m(33)?
6
Let j(h) = -h**3 - 12*h**2 - 61*h - 245. Give j(-11).
305
Let w(y) = 5633*y - 479276. Determine w(85).
-471
Let n(i) = i**3 + 63*i**2 + 2*i - 119. Calculate n(0).
-119
Let s(h) = h**3 - 28*h**2 + 5408*h - 145302. Calculate s(27).
-15
Let k(y) = -3*y**2 + 19503*y - 1063583. Determine k(55).
7
Let y(s) = -s**2 - 317*s - 1247. Calculate y(-4).
5
Let g(m) = 397*m - 64456. Calculate g(161).
-539
Let o(b) = 614*b**3 + 3679*b**2 - 10*b + 125. Calculate o(-6).
5
Let o(c) = c**3 + 138*c**2 + 5664*c + 757207. Give o(-137).
8
Let a(z) = 4*z**2 - 10*z - 328. Give a(-7).
-62
Let y(k) = 592*k - 216992. Determine y(363).
-2096
Let z(q) = -q**2 - 612*q - 90020. Give z(-246).
16
Let b(m) = m**2 - 52*m - 1216. Give b(75).
509
Let q(y) = -23*y + 1227. Give q(52).
31
Let v(u) = -4239*u - 228874. Determine v(-54).
32
Let r(k) = -4762*k + 200496. Determine r(42).
492
Let k(t) = -31*t**3 + 53*t**2 - 93*t + 38. Give k(1).
-33
Let a(r) = -2*r**2 + 2737*r - 522804. Determine a(1139).
-3
Let f(k) = 296*k**3 - 1186*k**2 + 4*k + 24. Determine f(4).
8
Let o(w) = -473*w**2 + 1889*w + 3. Give o(4).
-9
Let x(w) = 4*w**2 + 50*w + 274. What is x(-11)?
208
Let x(q) = -6680*q - 153674. Calculate x(-23).
-34
Let f(t) = 11*t**2 + 63*t + 769. Calculate f(-13).
1809
Let g(c) = -c**3 + 15*c**2 + 258*c - 199. Calculate g(24).
809
Let p(t) = 14476*t + 12362504. What is p(-854)?
0
Let d(h) = 1500228*h - 9001381. What is d(6)?
-13
Let z(d) = -d**2 + 4749*d - 3190583. Give z(810).
7
Let v(u) = 9*u**2 - 573*u - 3878. Determine v(-7).
574
Let q(x) = 4*x**3 - x**2 - 22*x + 19. Give q(-2).
27
Let g(r) = -1321687*r + 2643407. Determine g(2).
33
Let m(c) = 2664*c - 33411. Calculate m(13).
1221
Let l(n) = n**2 + 1671*n + 37714. Give l(-23).
-190
Let o(r) = -1886*r + 194277. Give o(103).
19
Let h(t) = 22*t - 263. Give h(28).
353
Let a(s) = -6*s**2 - 470*s + 12116. Determine a(21).
-400
Let z(d) = -307*d + 6363. Calculate z(18).
837
Let q(g) = 34045*g + 204263. What is q(-6)?
-7
Let s(q) = 24614*q - 935294. Give s(38).
38
Let o(t) = 2489*t + 701907. What is o(-282)?
9
Let l(i) = 2*i**2 + 183*i + 844. What is l(-83)?
-567
Let b(f) = f**2 - 45081*f - 180331. Give b(-4).
9
Let i(x) = x**2 - 7392*x + 1149958. Give i(159).
-89
Let z(o) = -o**3 + 66*o**2 + 1233224*o - 8625. Calculate z(-1078).
-1
Let u(b) = -b**3 + 6331*b**2 + 171670*b + 103. Calculate u(-27).
-5
Let x(q) = q**3 + 18*q**2 + 78*q + 1242. Determine x(0).
1242
Let m(s) = 1766*s - 794883. Give m(450).
-183
Let w(l) = -5*l**3 - 289*l**2 - 165*l + 640. Calculate w(-57).
-2951
Let g(f) = -4*f**3 - 950*f**2 + 2450*f + 12025. Calculate g(-240).
25
Let w(r) = -41*r + 245. Determine w(-11).
696
Let v(m) = 155*m - 2784. What is v(18)?
6
Let m(k) = 4*k**3 + 239*k**2 + 873*k + 341. Give m(-56).
-1507
Let g(j) = j**3 + 20*j**2 + 1131*j + 27605. Give g(-23).
5
Let i(k) = 6254*k - 75009. What is i(12)?
39
Let y(m) = -672*m + 129185. What is y(192)?
161
Let g(c) = 626626*c + 10652626. What is g(-17)?
-16
Let o(p) = -p**3 - 9*p**2 + 76*p + 292. What is o(-13)?
-20
Let w(t) = -204*t**2 - 1408*t + 118. Determine w(-7).
-22
Let x(z) = 3*z**2 - 54*z - 972. What is x(29)?
-15
Let v(i) = -10*i**3 + 1308*i**2 + 5671*i - 138. Determine v(135).
-3
Let c(v) = 113*v**3 + 329*v**2 + 6*v + 6. Calculate c(-3).
-102
Let q(c) = -17560*c - 31063643. Determine q(-1769).
-3
Let i(s) = s**2 - 1542*s - 14016. What is i(-9)?
-57
Let r(s) = -s**3 - 360*s**2 + 1465*s + 3219. Give r(-364).
-57
Let j(m) = -m**2 - 73*m 